= 2 + -8. Let z(o) = 7*o**3 + 5*o**2 - 14*o - 9. Let d(h) = h**3 - h. Let j(g) = -6*d(g) + z(g). What is the units digit of j(r)?
3
What is the hundreds digit of (-287)/(-2) + (-1)/2?
1
What is the units digit of 5 + -3 - (0 + 1)?
1
Let s(q) = -2*q + 4*q - 4*q. What is the units digit of s(-4)?
8
Suppose 4*m + m = 40. Suppose -m*l + 4*l + 68 = 0. What is the units digit of l?
7
Let v(r) = -r**3 - 2*r**2 + r - 2. Let j be v(-3). Suppose j*b - 11 = 13. What is the tens digit of 58/b - (-5)/15?
1
Let x be (-1 - 0 - -1)*-1. Suppose x = 3*i - m - 75, m = -5*i + 15 + 102. Let z = -14 + i. What is the units digit of z?
0
What is the tens digit of (-4)/(-3) - 296/(-12)?
2
Let m = 9 - -19. Suppose b + 23 = d, 3*b + m + 81 = 5*d. What is the tens digit of d?
2
Let i be ((-15)/(-6) + -2)*-8. Let v be 6/9 - i/3. Let h = v + 4. What is the units digit of h?
6
Let s = -28 - -46. Suppose -s - 9 = -3*p. Suppose i - 1 - p = 0. What is the tens digit of i?
1
Suppose 5*o = 4*o + 73. What is the units digit of o?
3
Let n(w) = w + 14. Let l be n(-10). What is the units digit of (2/l)/((-2)/(-36))?
9
Let c = 14 + -8. Let v be (10/4)/(c/12). Suppose w - 4*q = 4*w - 31, -q = v*w - 46. What is the units digit of w?
9
Let x be (0 + 2)/((-2)/(-1)). Suppose -2*w = 2*w. Let l = x + w. What is the units digit of l?
1
Let v be (1*3)/(6/8). Let o(m) = 4*m**2 + m**3 - 3*m + 1 - v - 3. What is the units digit of o(-4)?
6
Let u be -2 + 22 + (1 - 0). What is the units digit of -3*8/12 + u?
9
Let y be (4 + -1)/(1/1). Let k = 4 - y. What is the units digit of k?
1
Suppose 3*q - 480 = -3*l, l = -3*l + 5*q + 604. What is the units digit of l?
6
Suppose -4*k = -k - 36. Suppose 2*n = k - 150. What is the units digit of n/(-9) - 4/6?
7
Suppose q - 84 = -u, -4*u = -5*q - 2*u + 441. What is the units digit of q?
7
Let b be (-1 - -10)*4/6. Suppose b = q - 3*q. What is the units digit of (-1)/(1/q + 0)?
3
Let m(j) = -j**3 - 6*j**2 + 15*j + 25. What is the hundreds digit of m(-10)?
2
Suppose -3*t + 2*l + 169 = 0, 4*l - 2 - 2 = 0. What is the tens digit of t?
5
Let k = -4 - -89. What is the tens digit of k?
8
Suppose -4 = -3*x + 2*x. Suppose -x*a = -0*a - 12. What is the units digit of a?
3
Let u = -13 + 15. Suppose 0 = -6*d + u*d + 152. What is the tens digit of d?
3
Let g(v) = -15*v + 9. Let x(o) = -o**2 + o. Let j(p) = -g(p) - x(p). What is the units digit of j(-15)?
6
What is the tens digit of 208/((-8)/(-2))*2?
0
Let k(n) = 10 + 5*n - 10. Let l be k(6). Suppose s - l = -4*s. What is the units digit of s?
6
Let c(g) = 4*g - 7. Let b(j) = -9*j + 15. Let p(n) = -3*b(n) - 7*c(n). Let o be p(10). Let d = -3 - o. What is the units digit of d?
3
Suppose 3*a - 3 = -12. Let m(n) = n**2 + 2*n + 1. What is the units digit of m(a)?
4
Let d(i) = -i + 6. Let k be d(5). Suppose o - 1 - k = 0. Suppose 4*q - 9 = -g, -o*q - 3*g = 2*q - 3. What is the units digit of q?
3
Let k(a) = -a**3 - a - 1. Let b be k(-2). Let g = b - 3. What is the units digit of g?
6
Suppose 0*u - 57 = -3*u. Suppose 2*b - 2 = -8, u = 4*c - b. Let p(g) = g**3 - 3*g**2 - 3*g + 2. What is the units digit of p(c)?
6
Let t = 7 + -22. Let m be (-670)/t - 1/(-3). What is the units digit of (-2)/(-4) - m/(-6)?
8
Suppose -4*b + 2*b - 2 = -2*k, 5*b = -3*k + 19. Suppose -7*m = -2*m. Suppose -l - v + 1 = -k, l + 3*v - 2 = m. What is the units digit of l?
5
Suppose 0 = -3*m + 36 + 192. What is the tens digit of m?
7
Let a = 10 - 10. Suppose 50 = 2*m - a. What is the tens digit of m?
2
Let f be 39/26*16/(-6). What is the units digit of (-14)/7 - f/1?
2
Suppose 2*s + 5*l + 1 + 8 = 0, 24 = 5*s - 3*l. Suppose 2*q = -c - 5, -4*c + 2*q + 11 = -s*c. What is the units digit of c?
3
Let h = 19 - 7. Suppose h = 3*k - k. What is the units digit of k?
6
Let c = -20 - -35. What is the units digit of c?
5
Let f(s) = 11*s**2 + 9*s + 5. What is the units digit of f(-3)?
7
Let p = 145 - 99. What is the tens digit of p?
4
Let m(d) be the third derivative of d**7/5040 + d**6/360 + d**5/20 - 2*d**2. Let c(b) be the third derivative of m(b). What is the units digit of c(7)?
9
Suppose 0 = d - 17 - 28. Let b = -18 + d. What is the units digit of b?
7
Let f be 4/(-2 - (-6 + 2)). Suppose o + 0 = 2. Suppose o*y - f = -0*y. What is the units digit of y?
1
Let s(k) = -2*k**3 - 3*k**2 - 31*k + 21. Let u(g) = g**3 + 2*g**2 + 15*g - 10. Let h(o) = -6*s(o) - 13*u(o). What is the units digit of h(-7)?
8
Suppose 0 = -f + 5 + 20. What is the units digit of f?
5
Let g = 83 + -49. What is the units digit of g?
4
Suppose 2*r + 4 = 5*t - 2*r, 4*t = -5*r - 5. Let f be (t/(4/(-2)))/1. Suppose 5*w - 2 - 13 = f. What is the units digit of w?
3
Suppose j = 4*c + 187, 0*c + j + 197 = -4*c. Let o = -21 - c. What is the units digit of o?
7
Let o(b) = -4*b**3 + 2*b**2 - 7*b - 3. What is the units digit of o(-3)?
4
Let f = 63 + -9. Let u = -33 + f. What is the units digit of u?
1
Let a(r) = r - 4 + 1 - 2 + 3. What is the units digit of a(10)?
8
Let g be 0 + (3 + -1 - 2). Let d(n) = 2*n + 7. Let w be d(-5). Let y = g - w. What is the units digit of y?
3
Suppose 10 = 4*u + s, 4*s = -2*u - 2*u + 4. Suppose -4*d - u*f = -2*d - 4, 4*f + 6 = 3*d. Suppose 25 - 9 = d*c. What is the units digit of c?
8
Let q(x) = 3*x**3 + x**2 - 1. Let y be q(1). Suppose 7 = y*p - 41. What is the tens digit of p?
1
What is the tens digit of 340/15 - ((-12)/9)/(-2)?
2
Suppose 0 = -3*b - 5*c - 10, -22 = 5*b - c + 4*c. What is the units digit of (126/(-45))/(2/b)?
7
Suppose 2*l = 5*l - 5*z - 59, -4*l - 3*z = -127. What is the units digit of l?
8
Let g(r) = -r**2 + 5*r - 4. Suppose -5*f + i + 4*i = 0, -f - i = -6. What is the units digit of g(f)?
2
Let k = -15 - 35. Let w = k + 72. What is the tens digit of w?
2
Let v = -17 + 32. What is the tens digit of ((-162)/v)/6*-25?
4
Let m(z) be the second derivative of z**5/20 + z**2/2 + 3*z. Let n be m(-1). Suppose 7 = b + 2*d - 5, 4*b + d - 55 = n. What is the tens digit of b?
1
What is the tens digit of (2 + 3 - 1) + 57?
6
What is the tens digit of 2/1 - (-6 - 133)?
4
Let s(k) = k**2 - 10*k + 7. Let j(r) = r**2 - 10*r + 7. Let u(g) = 3*j(g) - 4*s(g). What is the units digit of u(6)?
7
Let a(v) = v**2 - 2*v + 1. Let g be (1 + 1)*1/2. Let u be a(g). Suppose 0 = 5*z + r - u*r - 41, -36 = -5*z + 4*r. What is the units digit of z?
8
Let i(d) = -1 - 5 - d**2 + 4*d - 12*d. Let o(w) = -w**2 - w. Let m be o(-3). What is the units digit of i(m)?
6
Suppose 3*z = -2*z + 50. Let i = -9 - -12. Suppose -z = -i*q - 2*q. What is the units digit of q?
2
Suppose -m + 6*m = -2*a - 30, -21 = 2*m - a. What is the tens digit of (-375)/(-12) + 2/m?
3
Let o be 0*3/6*-1. Suppose o = -3*u + 5 + 4. Suppose 0 = q + u*n - 20, 0*n + 28 = 2*q + 2*n. What is the units digit of q?
1
Let m be ((-15)/(-9))/((-1)/(-9)). Let l = m + -6. What is the units digit of l?
9
Let t be (-2)/(-2) + -3 - -23. Suppose -x - 5 = -k, -2*x = -3*k - 4 + 18. What is the units digit of t*x*(-2)/6?
7
Let j(l) = 9*l**3 - 2*l**2 + l. Let o be j(2). Suppose -z - o = -21. What is the units digit of z/(-6) - (-1)/(-2)?
7
Let d be 2*3/(12/16). Suppose -d = 2*m, -2*v = -3*v - 4*m + 9. What is the tens digit of v?
2
Let x(r) = r**3 + 5*r**2 + 2*r + 2. Suppose -2*i + 3*m - 5 = 5, 3*i - m = -15. Let v be x(i). Let p(z) = -z**2 - 11*z - 3. What is the tens digit of p(v)?
2
Suppose 0 = -4*m + 3*l - 3, -3*m + 5*m = -4*l + 4. Suppose m = u - 3. What is the units digit of u?
3
Let f be 2 + (-1 - 2) + 61. Suppose -5*a - 5*b + f = -55, -56 = -4*a + 5*b. Suppose -3*o + a - 1 = 0. What is the units digit of o?
6
Suppose 3*t - 78 = 3*k, -t + 3*k - 83 = -5*t. What is the units digit of t?
3
Let q = 6 - 10. Let i be (1/(-2))/(q/(-56)). Let z = i + 20. What is the units digit of z?
3
Suppose 2*z = -z - 4*x + 252, 5*x = 3*z - 225. What is the tens digit of z?
8
Suppose -g - 6 = -4*g. Suppose 2*m + 1 = u - 2*u, -2*m - 16 = -g*u. What is the units digit of u?
5
Let c = 3 + 66. What is the tens digit of c?
6
Let w(v) = -v**3 + 10*v**2 - 7*v - 10. Let c be w(9). Let k be (-12)/48 - (-42)/c. Suppose 3*p + k*m + 5 = -p, 20 = p - 3*m. What is the units digit of p?
5
Let z(t) = -t**3 + t**2 + t + 7. Let d be z(0). Let f = 5 - -1. Suppose d = a - f. What is the tens digit of a?
1
Suppose 45*c - 1026 = 39*c. What is the tens digit of c?
7
Let g = 0 + 3. Let t b